 - -22. Let b(j) = 3*j - 2. Let o be b(f). Let t(z) = -z**2 - z + 1. What is t(o)?
-1
Let s be 2/(((-9)/6)/((-84)/(-16))). Let b(x) = -x**2 - 7*x - 9. Calculate b(s).
-9
Let w(x) = 4*x**3 + 5*x. Let f(a) = 7*a**3 + 11*a. Let h(p) = -6*f(p) + 13*w(p). Determine h(-1).
-9
Let u(f) = -f**3 - f**2 - f + 1. Let j(x) = 2*x**3 + 8*x**2 + 8*x. Let k(g) = j(g) + 3*u(g). Give k(6).
-3
Let r(o) = o**3 + 5*o**2 - 5. Suppose -3*v + 5 = -2*s, 1 = 5*s - 4*v + v. Suppose -s*k - 5*a - 5 = 0, -2*a - 3 = -k - 10. Calculate r(k).
-5
Let n(b) = 12*b - 9*b + 2*b**2 - 6 - b**2. Calculate n(-5).
4
Let p(k) be the second derivative of k**5/20 + k**4/12 - k**3/3 - k**2 + 2*k. Let q(c) = -c**3 - 3*c + 3*c + 2*c + c**2 - 2. Let z be q(2). Give p(z).
-2
Let o(w) = w. Let d(j) = j**2 - 6*j - 2. Let u(k) = 3*k + 6. Let c be u(-4). Let a = 5 + c. Let v(p) = a*d(p) - 6*o(p). Calculate v(0).
2
Let j(o) = o**2 + o - 6. Let i be j(0). Let r = -8 - i. Let p(q) = -q - 3. Give p(r).
-1
Let j(w) = -2*w**3 + 2*w**2 + 4*w. Let u(f) = 5*f**3 - 5*f**2 - 11*f + 1. Let d(h) = 8*j(h) + 3*u(h). Calculate d(0).
3
Let a(m) = 7*m + 2 + 3*m**2 - 2*m**2 + 0. Determine a(-5).
-8
Let m(u) = u**3 - 6*u**2 + u - 8. Suppose -4*n + 36 = 12. Give m(n).
-2
Let n(g) = 3 - 2*g**3 - 2*g**2 + g**3 + 2*g + 0. Suppose 15 = -17*o - 19. What is n(o)?
-1
Let c(t) = t**3 - 7*t**2 - t + 11. Let m be c(7). Let l(b) be the second derivative of b**5/20 - b**4/3 - 3*b**2/2 + 3*b. Calculate l(m).
-3
Let c(d) = -d**2 - 4*d + 3. Let k = 128 - 132. Give c(k).
3
Let m be 1/(-3) + 5/(-3). Let u be (2/4)/(m/(-8)). Let j(a) = 6*a - 7 + 13 - 4 - 5*a. Determine j(u).
4
Let t(u) = -3*u**2 - 2*u**3 + u**3 + 1 - u + 0*u**3. Suppose 0 = -b + 2 - 5. Calculate t(b).
4
Let z(g) = -2 + 0*g**2 - 6*g - 10 + 4 + g**2. Give z(6).
-8
Let j(h) = h**2. Let r(d) = 7*d**2 + 6*d + 1. Let v(w) = -6*j(w) + r(w). Suppose -o = -0*o + 5. What is v(o)?
-4
Let a(m) = m**3 - m**2 + 1. Let u(k) = -k**3 + 3*k**2 - k - 5. Let p(y) = -2*a(y) - u(y). Suppose 0 = -5*l + 2*t - 7*t + 20, 0 = -5*t + 20. Determine p(l).
3
Let s(w) = w**3 + 6*w**2 + 8*w - 7. Let l(u) = u**3 + 6*u**2 + 9*u - 8. Let z(g) = -4*l(g) + 5*s(g). What is z(-5)?
2
Let h(o) = o - 13. Let n be h(10). Let y(c) = -4*c**3 - 8*c**2 + 21*c - 13. Let v(r) = -r**3 - 2*r**2 + 5*r - 3. Let a(d) = 9*v(d) - 2*y(d). Give a(n).
-1
Let r(p) be the third derivative of -p**7/2520 - p**6/720 + p**5/60 - 2*p**2. Let f(z) be the third derivative of r(z). What is f(2)?
-5
Let k(h) = -h**3 - 4*h**2 + 7*h**2 + 3 - 2 + 4*h. Let l(g) = 4 + g - 6 + 0*g. Let w be l(6). Calculate k(w).
1
Suppose 7 = -3*h - 2. Let d = h - -8. Let c(g) = g**2 - 2*g + g - 3*g. Determine c(d).
5
Let i be 37/13 - (-4)/26. Suppose 0 = i*b + 3, 5*b + 7 = -4*g - 18. Let v(f) = f + 5. What is v(g)?
0
Suppose 3*u + 10 = 2*l + 2, 3 = -5*l - 4*u. Let b(j) = -3*j**2 - 1. Give b(l).
-4
Let n(x) = -x + 5. Let o be n(6). Let i(l) = -7*l**3 - l. Let g(q) = -15*q**3 - q**2 - 3*q. Let w(t) = -2*g(t) + 5*i(t). Determine w(o).
6
Let q(o) be the first derivative of o**2 + o + 1. Calculate q(-1).
-1
Let g(v) = -4 + 2*v - v**3 + 2*v**3 + 2*v**2 - 6*v**2. Let y(m) = -5*m**3 - m**2. Let x be y(-1). Suppose -9 = 2*q + 3*n, -3*n - x = 3*q + 2. What is g(q)?
-7
Let v(a) = -a**3 - a**2 + 2. Let u(o) = o - 2. Let w be u(-5). Let t(c) = -3*c**3 - 2*c**2 + c + 6. Let b(f) = w*v(f) + 2*t(f). Let j = -4 - -1. Give b(j).
-8
Let a(x) = -5*x**3 - x**2 + x + 1. Suppose 2*j - 9 = -j, 4*j = -4*r + 12. Let h be 2 + (r - -2 - 4). Suppose 3*y = -3 - h. Calculate a(y).
4
Let j(f) = f - 4. Let d(m) = m**3 + 14*m**2 - m - 14. Let c be d(-14). Give j(c).
-4
Suppose -3*p + 2 = -4*c, -3*p - 8 = -0*c + c. Let w(d) = -d**3 - 3*d**2 - d + 1. Let z be w(c). Let h(u) = u**2 + 0*u**2 + 1 + 0. Calculate h(z).
2
Suppose -3*z - z - 28 = -4*b, 19 = 5*b - z. Suppose b*m = q - 6 + 3, 6 = 2*q + m. Let o(a) = -q*a**2 + 2*a**3 + 2 + 2*a - a**3 + a**2. Calculate o(2).
6
Let f = -5 - -10. Let u = 9 - f. Let c(d) = -2*d + 5. Determine c(u).
-3
Let l(c) be the first derivative of c**4/4 - 2*c**3/3 - c**2/2 - 2*c + 4. Let w be l(3). Let t(z) = z**2 - 3*z - 1. Calculate t(w).
3
Suppose -56 = -6*o + 2*o. Suppose 5*b = 2*d - 16, -b - o = 5*d - 0*b. Let j(x) = x**2 - 2. Give j(d).
2
Let u = 8 - 3. Suppose -5*i + 1 = -3*r, -2*i = -3*r - 3*i + 11. Let k(w) = 5*w + 2 + u*w**r + 0*w**3 - 3*w - 6*w**3. Give k(-2).
6
Suppose 0 = -3*p + 2*p - v - 4, 13 = -2*p + 3*v. Let a(r) = 6*r**3 + 4*r**2 + r + 1. Let l(u) = u**3 + u - 1. Let i(k) = p*l(k) + a(k). Calculate i(-5).
1
Let b(f) = -f**2 + 6*f - 7. Suppose 3 = v - 2. Suppose 0 = -5*a + v, 2*a - 7 = 3*y - 20. Determine b(y).
-2
Let k(j) = j**2 + j - 1. Suppose -4*s + 4*v + 36 = 0, -3*s - 5*v + 0*v = 13. Let z = 8 - s. Suppose 0 = 5*n - a + 6*a + 20, -n - 7 = z*a. Determine k(n).
5
Let t = -42 - -42. Let y(o) = -1 - 3 + 0*o**2 + o**2. What is y(t)?
-4
Let v(o) be the second derivative of o**4/12 + o**3 + o**2 - o. Let h(g) = 2*g + 3. Let b be -3*(-2 - (-30)/9). Let q be h(b). Calculate v(q).
-3
Let q(k) = 4*k**2 + 5*k - 4. Let b(o) = o**2 + 10*o - 4. Let n(a) = a**2 - a. Let u(z) = b(z) + 4*n(z). Let p(x) = -4*q(x) + 3*u(x). Give p(-4).
-4
Let n(z) = 5*z - 10. Let q = 8 + -3. Let g(m) = 4*m - 10. Let y(s) = q*n(s) - 6*g(s). Calculate y(-8).
2
Let k(y) = 1. Let w(n) = n**3 + 5*n**2 + 2*n. Let r(z) = k(z) - w(z). Give r(-4).
-7
Let v(s) = s**2 + s + 1. Let g be 4/12 + (-2)/6. Determine v(g).
1
Suppose -3*w - 5*r = 1 - 12, 2*r = -4*w + 10. Let h(z) = z**2 + z. Let u(a) = -4*a**2 + 1. Let d(m) = -2*h(m) - u(m). Calculate d(w).
3
Let t(a) = -a + 7. Let v(r) = -2*r + 8. Let i(o) = 3*t(o) - 2*v(o). Give i(-5).
0
Let k(w) = -4*w - 6. Let d(p) = 9*p + 13. Let x(c) = -2*d(c) - 5*k(c). Give x(-6).
-8
Suppose -2*d = -6*d. Let m = -3 - -5. Let g(b) = 1 - b**2 - 1 - m. Calculate g(d).
-2
Let g(s) be the second derivative of s**4/12 - 4*s**3/3 + s**2 - 21*s. Give g(8).
2
Let i be (3/(-2))/((-3)/8). Let a(c) = 2*c. Let x be a(1). Let l(y) = y**3 - y**2 - y + 2 - 2*y**2 - 2*y - x*y. Determine l(i).
-2
Let z be (4 + 2)*3/2. Let i = -12 + z. Let h(f) = f**2 - 3*f + 3. Let u(o) = 2*o**2 - 7*o + 6. Let d(v) = -9*h(v) + 4*u(v). What is d(i)?
-9
Let t(j) = j**2 - 10*j + 14. Let l be t(8). Let d(x) = 3*x - 1. What is d(l)?
-7
Let u(l) = -l**3 + 6*l**2 + 4. Suppose 0 = -3*q + 4*q - 30. Suppose z = 6*z - q. What is u(z)?
4
Let t(l) = -5*l**2 - 3*l - 4*l**2 + 5*l**2 + l**2. What is t(-2)?
-6
Let q(d) = -4*d**3 + 5*d**3 - 1 - 2*d**3 + 3*d**2 - d**3. Let z be 0 + (-3 - -2) + 3. Give q(z).
-5
Let j(v) = 85*v**3 + 25*v - 25. Let f(i) be the second derivative of -7*i**5/20 - i**3/3 + i**2 + 3*i. Let p(z) = 50*f(z) + 4*j(z). Give p(1).
-10
Let w(h) = -2*h**2 - 7*h - 3*h + 5*h - 4 + 6*h**2 + h**3. Determine w(-4).
16
Suppose 0 = -k + 1 + 8. Let a = 8 - k. Let h be (-16 - a)*3/9. Let m(x) = -x**2 - 7*x - 5. Determine m(h).
5
Let u(d) = d**3 - 4*d**2 - 3*d + 5. Let m(v) = -3*v**2 + 2*v + 1. Let r be m(-2). Let a = -8 - r. Let h = -3 + a. What is u(h)?
-7
Let a be (-279)/(-21) - 2/7. Suppose -b - 7 = -2*w, -w - 2*w + 4*b + a = 0. Let x(h) = 2*h**2 + w + 5*h - 3*h**2 - 3*h - h**3. Determine x(-2).
3
Let o = -48 - -27. Let u be (-6)/o + (-12)/(-7). Let d(g) = -g**2 + 2. Determine d(u).
-2
Let v(k) be the first derivative of k**4/4 + 2*k**3 + 7*k**2/2 + 6*k + 1. Let y = 2 - 6. Calculate v(y).
10
Suppose -4*a + 3*w = 6*w - 18, 0 = 2*a + 5*w - 2. Let b(j) = -j**2 + 4*j + 3. Calculate b(a).
-9
Let x(q) be the second derivative of q**4/12 + q**3/6 - q**2/2 - 2*q. Calculate x(2).
5
Let k = 6 + -3. Let g(f) = 2*f**2. Let x be g(-1). Let j(a) = -4*a + 4 - a**x + 9*a - 2*a. What is j(k)?
4
Let b(p) be the third derivative of 11*p**5/60 - p**4/12 - p**3/6 + 7*p**2. What is b(-1)?
12
Let l(o) = -o**2 - 5*o + 2. Suppose 2*i + 5*g - 56 = -i, 5*i - 3*g - 48 = 0. Suppose 4*b + i = b. What is l(b)?
6
Let t(u) = u**3 - 5*u**2 - u + 4. Let d(p) = -2*p**3 + 3*p**2 - 3*p**2 + 4 + 4*p + 3*p**3 + 5*p**2. Let z be d(-4). Suppose -a + 1 = -z. Calculate t(a).
-1
Let c(r) be the second derivative of -1/12*r**4 - 1/20*r**5 + 5/6*r**3 + 0 - r + 3/2*r**2. What is c(-3)?
6
Let b = -7 + 10. Let l(p) = 7*p - 19. Let i(a) = 4*a - 10. Let s(z) = b*l(z) - 5*i(z). What is s(7)?
0
Let t(z) = -z**2 + 2*z + 1. Let m be t(3). Let y(v) = -2